of t.
271
Let u(h) = 3*h**2 + h + 51. List the prime factors of u(-7).
191
Suppose 5*q - 315 = 285. Suppose -2*v - 105 = -5*c, -q = -5*c + 8*v - 3*v. What are the prime factors of c?
19
Let q = 7 + 3. Let t = 4 + q. List the prime factors of t.
2, 7
List the prime factors of (260 - -8)*(-4)/((-32)/6).
3, 67
Suppose -5*f = -20, -2*m + 7 + 7 = 2*f. What are the prime factors of (-1)/3 + 40/m?
13
What are the prime factors of -6 + 7 + 1 + 40?
2, 3, 7
Let c(o) = 3*o + 2. Let r be ((-15)/(-9))/(2/6). Suppose 4*x = r*a - 0*x - 36, -2*x - 24 = -4*a. What are the prime factors of c(a)?
2, 7
What are the prime factors of 0 - (3 - 6*6)?
3, 11
Let a be (-2)/(-3) + 326/6. Suppose 0*l = 4*l + 8, l - a = -3*b. What are the prime factors of b?
19
Let s(h) = h - 3. Let y be s(5). Suppose 0 = 5*b + y*t - 4, 0 = -b - 2*t - 1 + 5. Suppose -2*l = -0*a - a - 5, -a + l - 1 = b. What are the prime factors of a?
3
Let q(o) = o**2 + 4*o - 5. Let u be q(-5). Let z be (0 - -1)/(1/5). Suppose u = -z*w + 6 + 19. List the prime factors of w.
5
Let u = -5 + 4. List the prime factors of 60/(0 - -3) - u.
3, 7
Let c = -164 + 242. List the prime factors of c.
2, 3, 13
Suppose -3*q - q = 5*b - 17, 0 = -4*q - b + 13. Let l(d) = -9 + 5*d**2 + d + d**q - 3*d + 4*d**2. What are the prime factors of l(-9)?
3
Suppose 0*s + 2*s = -8. What are the prime factors of 29/2*(-8)/s?
29
Suppose 0 = j + 4*j + 170. Let m = j - -56. What are the prime factors of m?
2, 11
Let z(a) be the third derivative of a**4/24 + 13*a**3/6 - 2*a**2. List the prime factors of z(6).
19
Let j = 10 + -1. Let n = -1 + j. List the prime factors of n.
2
Suppose 4*m - 43 = -3*k, 6*k + 5 = m + k. List the prime factors of 8/5*m/4.
2
Let j = 20 + -4. List the prime factors of 1/((-46)/j + 3).
2
Let p(k) = -9*k + 7. List the prime factors of p(-6).
61
Let n(r) = -r + 2. Let p be n(-6). Suppose 2*w = w + p. Suppose 11 = z + 2*d, -5*d + 2 + w = 0. List the prime factors of z.
7
Let d be (10/4)/(2/4). Suppose 6 - d = -v. Let l = 10 - v. What are the prime factors of l?
11
Let f = 3 - 0. Suppose 0*j - 60 = -f*j. Suppose 4 = 2*w + o, -2*w + 5*o - 2*o = -j. What are the prime factors of w?
2
Suppose -z + f + 25 = -4*f, -125 = -5*z + 3*f. What are the prime factors of z?
5
Suppose -4*o + o = 0. Let v(j) = -j + 2. Let m be v(o). Suppose -m*x + 14 = -8. List the prime factors of x.
11
Let o(w) = -w**3 - 3*w**2 + 5*w + 5. Let x be o(-4). What are the prime factors of -1 - (-2 + x) - -22?
2, 11
Let r(l) = -53 - 24*l**2 - 25*l + 9 - 25*l + 4*l**2. Let o(t) = -7*t**2 - 17*t - 15. Let v(x) = -17*o(x) + 6*r(x). What are the prime factors of v(-8)?
3, 5
Let o(l) = -l**2 - 4*l + 3. Let h be o(-4). Suppose -5*p + p - 4 = h*a, 3*p = -2*a - 3. Suppose 0 = -t - a*t + 12. List the prime factors of t.
2, 3
Suppose -3*q - 2*f - 2*f + 54 = 0, -3*f = -4*q + 72. List the prime factors of q.
2, 3
Let p(m) = -3*m**3 + 2*m + 1. List the prime factors of p(-1).
2
Let s be 1/(-3*(-3)/18). Suppose -s*f + f = 2*y - 5, 0 = 2*f - 2*y - 16. List the prime factors of f.
7
Suppose -3*c - 29 = -4*c. Let d = -36 + 17. Let b = d + c. List the prime factors of b.
2, 5
Suppose 3*r + z + 21 + 1 = 0, 3*r - 2*z = -10. List the prime factors of (-3 - r)*(-123)/(-9).
41
Let b(h) be the first derivative of -3*h**2/2 - 7*h + 2. Let j(m) = -m**3 + 8*m**2 - 9*m + 6. Let p be j(7). What are the prime factors of b(p)?
17
Suppose -3*d = -2*a + 17 + 66, -a = -4*d - 29. What are the prime factors of a?
7
Suppose -5*y + 27 = l, 4*l + y - 5*y + 12 = 0. Let a be l*(-2 - 12)/(-2). Let v = a - 7. What are the prime factors of v?
7
Suppose -n = -2*n - 19. Let k = n - -37. List the prime factors of k.
2, 3
Let j be 1/((3/(-16))/(-3)). Suppose -3*t - t = j. What are the prime factors of -1 - (2*t + 1)?
2, 3
Let t(i) = i**3 + 7*i**2 - 11*i - 9. List the prime factors of t(-7).
2, 17
Suppose 0 = 13*j - 11*j - 250. What are the prime factors of j?
5
Suppose 5 = -b + 2*b, 2*x - 486 = -4*b. List the prime factors of x.
233
Let k(m) = -2*m**3 - 2*m**2 + 2*m - 1. Let h(p) = p**2 - 13*p + 13. Let o be h(12). Let w be k(o). What are the prime factors of (-9)/(-3) - 1 - w?
5
List the prime factors of (-56)/10*(-6)/(60/175).
2, 7
Let y(c) = -c**2 + 12*c + 5. Let o be y(10). Let f = 41 - o. What are the prime factors of f?
2
Suppose 0 = -5*k + 8 + 2. Let c be 177/6 + 1/k. Suppose -3*l + c = -0*l - 3*y, 3*l - 15 = -2*y. List the prime factors of l.
7
Let d(q) = -q**3 + 2*q - 7. What are the prime factors of d(-3)?
2, 7
Let q = -30 - -46. Suppose m - q = -3*m. List the prime factors of m.
2
Suppose 2*m - 16 = -2*m. Let j = -8 + m. What are the prime factors of ((-15)/1)/(6/j)?
2, 5
Suppose 3*u = -71 + 257. What are the prime factors of u?
2, 31
Let w(r) = -r + 1. Let u be w(-5). List the prime factors of u/(-27) + (-168)/(-27).
2, 3
Let z be 1*(-4 + 2 + 1). Let s be 9/6*(-4)/(-3). List the prime factors of 3*(z*s)/(-2).
3
Let s = -97 - -187. Let h = -43 + s. What are the prime factors of h?
47
Suppose 0 = 4*m - 0*m + 12. Let i be (-39)/(-3 - m/2). Suppose -5*a + i = 6. List the prime factors of a.
2
Let m(w) be the third derivative of -w**4/24 + w**3/6 - 5*w**2. What are the prime factors of m(-1)?
2
Let o = -28 + 34. List the prime factors of o.
2, 3
Suppose 14 = m + 2*d, 5*m - 4*d + 5 = d. Let h(o) = 2*o**2 - 4*o - 5. What are the prime factors of h(m)?
11
Let l = -30 + 53. What are the prime factors of l?
23
Suppose -3 = 3*k - 0. Let a = -1 + k. What are the prime factors of -2*(0 - -1)*a?
2
Let h(w) = -w**3 + 6*w**2 + 8*w + 1. Let f be h(7). Suppose x - f = -4. List the prime factors of x.
2
Let u = 9 + -4. Suppose 3*a = -u*i + 4, 3*i - 8 = -0*i + a. What are the prime factors of (i - -2)/(1 + 1)?
2
Let x = -270 + 543. What are the prime factors of x?
3, 7, 13
Let q(b) = b**2 + 13*b + 16. Let j be q(-12). Suppose j*d = 33 + 31. What are the prime factors of d?
2
Let y = 49 - 24. List the prime factors of y.
5
Let n(z) = z**2 - 4*z - 2. Let q be n(6). Let r = -8 - -2. Let u = q + r. What are the prime factors of u?
2
Suppose 2*o = -5*c - 8 + 21, 3*o = -c. Suppose -4*x + 166 = -3*p, -c*p - 11 + 165 = 4*x. What are the prime factors of x?
2, 5
Let u = 3 + -12. Suppose 8*i - 3*i - 85 = 0. Let v = u + i. List the prime factors of v.
2
Let r(f) = 4*f. Let d be r(1). Suppose 8 = -d*q - 32. What are the prime factors of 94/10 + q/25?
3
Suppose -r - 14 = -32. List the prime factors of r.
2, 3
Let m be (7/(-2))/((-2)/12). Suppose 2*f - m = -5*b, -5*b + 2*f + 35 = -3*f. What are the prime factors of b?
5
Suppose -3*g - 3*l - 15 = 0, 0 = 3*g + 3*l + 2*l + 25. Suppose 2*r - 24 = w, -3*r + 5*w = -g - 50. What are the prime factors of r?
2, 5
Let k(v) = 4*v + 5. Let i be k(-5). Let g be 18/i*(-10)/3. Suppose g*y - 11 = -n + 3*y, n = -2*y + 12. List the prime factors of n.
2, 5
Let n(r) = r**3 - 10*r**2 + 10*r - 4. Let m be n(9). Suppose 0 = m*f - 30 + 10. Suppose 0 = -4*t - f + 12. What are the prime factors of t?
2
Suppose 2*i - 5*u = 48, -u = 4*u - 20. What are the prime factors of i?
2, 17
Let p(c) = -4. Let g(o) = -o - 4. Let r(h) = 3*g(h) - 4*p(h). Let u be r(-5). Let a = u + -12. List the prime factors of a.
7
Let p(r) = 2*r**2 - r - 3. Let s(a) = -a**2 - 12*a + 4. Let q be s(-12). What are the prime factors of p(q)?
5
Suppose r + 3*r - 270 = -5*t, 5*t - 2*r = 270. What are the prime factors of t?
2, 3
Let q(m) = 4*m + 3 + 4*m**2 - 4 - 3*m. Let h(p) = p**2 + 8*p + 13. Let b be h(-6). What are the prime factors of q(b)?
2
Let z = -48 - -223. List the prime factors of z.
5, 7
Let c = 7 + -5. List the prime factors of 1/((-6)/4 + c).
2
Let r(s) = s**3 + 7*s**2 + s + 9. Let t be r(-7). Let u be -3 - (-10)/(0 + t). Suppose -3*h + 22 = 3*q - u*h, q - 3*h = 4. What are the prime factors of q?
7
Let v = -16 + 17. List the prime factors of (v - 0)/(5/80).
2
Suppose w - 40 = -4*w. Let b = w + -4. Suppose -42 = p - b*p. List the prime factors of p.
2, 7
Suppose 2*a + 2*m - 5*m - 6 = 0, -a = -3*m - 6. What are the prime factors of 20/(-25)*(a - 35)?
2, 7
Suppose -2*b = 6, 1 + 8 = -2*h - b. List the prime factors of (-1)/(-1) - h - 2.
2
Suppose 0*v - 2*v - 86 = 0. Let j = v + 71. What are the prime factors of j?
2, 7
What are the prime factors of 12/30 - 123/(-5)?
5
Let f(k) = -2*k**3 - 5*k**2. Let j be f(-4). S